1 - 9) + 49.
7
What is the value of 9 - (-14 - (-6 - -20 - 43))?
-6
What is -8 - ((139 - 51) + -30 + 34)?
-100
Evaluate (-48 - -4) + -2637 + 2717.
36
Evaluate (3 - 1) + -5 + (50 - (5 + -3 + -9)).
54
9 - 9 - (9 + -2) - ((-17 - -75) + -11)
-54
What is the value of 1 - -5 - (-18 + 32 + -28 + 14)?
6
Evaluate (498 - 496 - (12 - 1)) + 19 - -71.
81
What is the value of 0 - (-22 + 19 + (-1 - 4)) - -7?
15
What is the value of 167 - (277 + -117 - 42)?
49
Evaluate 124 + -48 + (18 - (-20 - -18)).
96
What is -20 + (892 - 945 - (-17 - 2))?
-54
Calculate (10 + -9 - -19) + -11 + -2.
7
What is the value of 3 + (-2 + -2 + 10 - (295 + -258))?
-28
Evaluate -37 + 36 + (-34 + 0 - -13).
-22
Evaluate (-2 - (-1 - 22)) + -1 + -56 + (4 - -59).
27
(0 - (12 - (10 + -8) - (9 + -4))) + -19
-24
(-18 - 7) + 244 + -245 - 124
-150
Calculate 106 + -100 + 28 + (2 - (0 - 0)) + 0.
36
What is (67 - 0) + (-108 - (-84 + 3))?
40
(15 - 13 - 8) + (10 - 1) + 56 + -113
-54
Calculate -6 + 41 + -9 + -16.
10
-205 + 80 + 94 - (-1 - (-2 - -1))
-31
What is the value of 35 + (-29 - (-6 + 12)) - (-3 + 0)?
3
Evaluate (6 - 25) + 33 - ((8 - -106) + -1).
-99
Evaluate 37 + 69 + (-1 - 57).
48
Calculate (-88 - -5) + -15 + -6 + 1 - -18.
-85
17 + (-46 - (-11 - -3)) - 8
-29
What is -444 - (-385 - -34) - (-9 - 1)?
-83
What is the value of (-109 - (-1 + (-20 - (9 - 22)))) + 16?
-85
What is the value of -6 - (0 - 14 - -8)?
0
(25 + -25 + 1 - -5) + -71
-65
-72 + (-77 - -47) + 31
-71
Calculate -11 - (6 + (24 - 9) + -6).
-26
What is (10 - (24 - (2 + 14)) - 7) + (-2 - -63)?
56
Calculate (-5 - -84) + -144 + 135.
70
Evaluate -6 + 25 + 1 + 2 + -23.
-1
Calculate -29 + 16 + (-8 + (-16 - -5) - 9).
-41
Evaluate (44 - (120 + -94)) + 109 + 3.
130
Calculate -28 + -4 + (5 + 6 - 5) - (34 + -31).
-29
Evaluate 3 + -45 - (163 + -79 - 73).
-53
Calculate -20 + 0 + -31 + -50 + 65.
-36
Evaluate -11 - (-75 - (-83 - -62)).
43
What is 1 + (18 - 18) - (-11 + 3 - 10)?
19
Calculate 4 + -17 + 8 + -88 + 14 + -7.
-86
What is the value of 484 + -561 + (2 + -1 - -9) - -16?
-51
Evaluate 62 + 1 - (5757 + -5594).
-100
Calculate -3 + 27 + (20 - 68) + 17.
-7
What is 104 + -126 + -7 + 41?
12
Calculate (99 - -2) + (-1376 - -1284).
9
(15 + -4 - 121 - (-42 + 64)) + 19
-113
Calculate (-2 - 48 - 6) + ((1 - -1) + -8 - -17).
-45
Calculate (6 - (1 - -3) - -4) + (-34 - -22 - 64).
-70
-1 + 32 - (-90 - -107)
14
Calculate -215 + 178 - (-13 + 1).
-25
Calculate 50 + 30 - (-5 - -86).
-1
What is the value of -7527 + 7505 + (20 - -2)?
0
Evaluate (-356 - -142) + 227 + -93 + -1 + -1.
-82
What is the value of -2538 - -2536 - (5 - 145)?
138
Evaluate -71 + (-48 + 122 - -15).
18
Calculate -11 - (-11 + (3 - (-5 - (0 + 3)))) - 6.
-17
Evaluate -72 - (-80 - (-4 - -5)).
9
What is -40 + -15 - -31 - (-38 - 6)?
20
-14 + -9 + (2 - 0) + 5 + -8
-24
What is the value of 16 + -17 + -30 - -54?
23
16 + (5 + -1 - (136 - 136))
20
What is the value of 7 - (10 + (6 - (3 - 1 - (-15 + 2))))?
6
What is (-178 - -190 - (36 + -5)) + -24?
-43
Calculate (19 + -8 - 7 - 2) + 56 + -55.
3
Evaluate 70 - (-8 + 12 + -9 + (10 - -2) + -12).
75
What is the value of -13 - (20 - 13) - (-7 - (2 - 10) - 1)?
-20
What is (24 + -96 - -11) + (-1 - -7 - 2)?
-57
Calculate -2 - ((-12 - -9) + (-26 + 8 - -93)) - 1.
-75
Evaluate -2 + 2 + 0 + (-8 - 34 - -41).
-1
(-44 - -10) + (-4 - 44 - -26)
-56
15 + (4 - -1 - (-12 - (-26 + 11)))
17
What is (87 - 11) + 5 + 15?
96
What is the value of -6 + 0 - 5 - (10 - -20 - 14)?
-27
What is the value of -10 + (17 - -1) - 61 - (6 + -3 + -7)?
-49
What is 24 + -16 + -10 + (3 - 41 - (-1 - -3))?
-42
(-719 - -758) + 12 + -4
47
Calculate -13 + 33 - (84 - 51) - (0 + 4).
-17
-44 - -5 - (207 - 209)
-37
What is 5 + 12 + -7 - (-14 - -44)?
-20
What is 4 - (-5 - (9 - (-13 - -20))) - -26?
37
2 - ((-2 - 3) + (5 - (1 + -8))) - -8
3
0 + -3 - (-33 - -24) - (2 - -18)
-14
4 + (16 - (6 + -31))
45
What is the value of -24 - -9 - (47 - 105 - -18)?
25
What is the value of -53 + 18 + -4 + 27 - (-1 - -18)?
-29
What is -3 + -45 + 2 + 1 + 18 + -10 + -14?
-51
Evaluate -37 - (-56 + 38) - ((-23 - 0) + 4).
0
Calculate (62 - (25 - 106)) + -71.
72
What is the value of (54 - 18 - 54) + (37 - -48)?
67
Calculate -30 - (-12 + 0 - (16 + (6 - 9 - 22))).
-27
What is the value of 6 + -6 + (5 - 44 - -25)?
-14
Calculate 72 - (32 - -19) - -45.
66
What is the value of -7 + 0 - (8 + -5 + -4)?
-6
(-33 + -13 + 25 - -7) + -22
-36
Calculate (-2 - -1) + (-8 - (6 - 7)) - (167 - 176).
1
-3 + -6 + 16 + -6 + -45 + -5 + -6
-55
What is 31 + -29 + 21 + (-14 - -10) + -24?
-5
What is the value of (1 - -7) + -84 + 91 - (3 - 1)?
13
Evaluate -41 - (54 - (69 - 34)).
-60
Calculate -9 + (-37 - (33 + -31 + -6)).
-42
Calculate (-4 + -8 - -31 - 6) + -4 + -26.
-17
Calculate 23 + 0 + -17 + -30 + 39 + 3.
18
47 - (-64 - -75 - (-5 - (1 + -21)))
51
What is -37 + 45 + (-8 - (-3 - (-2 + -1 - 0)))?
0
Evaluate -5 + (8 - (-16 - -9)) + -4 + -142.
-136
-5 + -21 - (-404 + 371)
7
Calculate (201 - (8 - -106)) + -50.
37
2 + -25 + 12 + -14
-25
Evaluate -8 + 26 + -42 + (3 - -76).
55
Calculate -15 - 0 - (-21 + -18 + 3 + -1 + -18).
40
(460 - 469) + 35 + 0
26
Calculate 625 - 638 - (0 + -1 - (-54 + 101)).
35
What is -21 + 5 + (94 + (2 - 24) - -9)?
65
Evaluate -6 + -6 + (-6 - -8) + -42 + -37 + 42.
-47
What is the value of (-266 - -290) + -62 + -10?
-48
Calculate -51 + (-683 + 697 - (-7 - 1)).
-29
Calculate 10 + -8 + (7 - 22 - -20).
7
Calculate -20 + 8 - -13 - (-3 - 2) - 37.
-31
What is 31 + -35 + 17 + (-10 - 1) + (0 - -1)?
3
What is the value of 99 + (-37 - -22) + -54?
30
Evaluate (220 + -93 - 87) + -76.
-36
Calculate 23 - (53 + -37 - -42).
-35
Evaluate (1 + 1 + (-7 - -4) - -40) + 237 + -233.
43
What is 20 - (-17 - (60 + -91))?
6
Calculate -54 + 6 + 147 + -78.
21
What is -358 + 367 - (-1 - 47 - (-15 - -11))?
53
-2 + -51 - (-19 + 9 + -7 + (3 - -13))
-52
What is 87 + -84 + (22 + (16 - 7) - -2)?
36
Calculate -1 - (-3 + -47 + 51) - (-1 + -73).
72
2 + -5 + -3 + 9 + 2 + -11 + 53
47
2 + 1 + -41 - (1 + 25 + (-75 - -40))
-29
Calculate -82 - (132 - 69 - 75).
-70
Evaluate -13 + (29 - (33 + -15)) - -20.
18
Calculate -41 - ((61 - 40) + -39 + -3).
-20
Calculate -31 + 23 + -2 + -25 + -6 + 4 + 1.
-36
Evaluate (-11 - -14) + -2 - 21 - 7.
-27
(-29 - (-56 + -35 + 33)) + 8
37
What is the value of -38 + 8 + -24 + 8 + -3 + 4?
-45
Calculate (-72 - -37 - (9 - (14 + 13))) + (-9 - 0).
-26
What is -4 + 23 + -9 + 9 + -71?
-52
(0 - -16) + 3 + -10 - -11
20
Evaluate -1 - -9 - (25 + (4 - 3)).
-18
Calculate 13 - (27 + (-15 - -1) + -3 + -54).
57
-1 + -51 + 1943 + -1918
-27
What is the value of -20 + 30 + -9 + -2 + (28 - 35)?
-8
What is the value of 39 - (177 - 85) - (3 + (2 - 2 - 7))?
-49
Evaluate (893 + -906 - (1 - 21)) + 8.
15
Calculate -7 + 15 + 0 + -17 + 66.
57
Evaluate (170 + -145 + -32 - (17 - 1)) + (-2 - -8).
-17
(16 - 7 - 16) + (-7 + 1 - 7)
-20
Calculate -5 + -37 + (1 - 8 - -11 - 20).
-58
48 + -114 + 189 - 126
-3
What is the value of (-50 - -40) + (-2 - -4) + -28 - (0 + 8)?
-44
Evaluate -64 + 38 + 26 + (11 - 42).
-31
Calculate -184 - -196 - (9 + (-8 - 1)).
12
What is the value of -28 + 0 - (19 - 18 - 16)?
-13
Evaluate -32 + -1 + -42 + -6 + 245 + -207.
-43
-36 - (-40 - 2) - 33
-27
699 + -689 + (3 + 1 - 1 - 4 - -14)
23
Calculate 4 - (18 - 3) - ((-47 - -22 - -24) + -5).
-5
39 - 34 - 55 - -84
34
Evaluate (-287 - -254) + (-1 - -24) + -1.
-11
What is 1 + -22 + (23 - -19) - -68?
89
What is the value of (-6 - -1) + (82 - 62) + 3 + -17?
1
-104 - (-73 + 211 + -301)
59
What is the value of -7 + 3 + -9 + 65 + -8?
44
3 + 11 + ((-6 - -1) + 8 - -13) + -58
-28
What is -176 + 153 + (3 + 0 - -2 - (-70 + 63))?
-11
Calculate (-17 - (-4 - 10)) + 4 + 6 + -5 - -57.
59
What is (24 - (36 + 1)) + 0 + 44?
31
What is (-33 + 3 - 3) + (-1095 - -1081)?
-47
What is -7 - (-3 + 0 + (-17 - (-27 - -19)))?
5
What is 23 + -2 - (-13 + 2 + -8 + (-21 - -41))?
20
What is (-11 - (14 + -12)) + 11 + -49?
-51
What is the value of 19 + -23 + 18 - 116 - (-8 - -4)?
-98
26 - (-31 + 160) - -13
-90
4 + -43 + 3 - (7 - (-3 - -11) - 3)
-32
1 - -1 - 5 - ((17 - 36) + 30 + -18)
4
Evaluate -14 - (-51 + 57 - -12).
-32
-10 + -39 - (-54 + -33)
38
What is the value of 33 - ((-3 - 2) + 19) - -23?
42
(8 + -6 - (-1 - 8)) + (23 - 31) + 34
37
Evaluate 55 + (-6 - -7) - -7 - ((-9 - -7) + 12).
53
Calculate -21 + (0 - (-14 - (-20 + 17))).
-10
What is the value of -101 + -2 -